{"id":486,"date":"2022-03-10T16:23:18","date_gmt":"2022-03-10T19:23:18","guid":{"rendered":"https:\/\/institutorestaurare.com.br\/?page_id=486"},"modified":"2022-03-10T16:23:19","modified_gmt":"2022-03-10T19:23:19","slug":"metabolic-balance","status":"publish","type":"page","link":"https:\/\/institutorestaurare.com.br\/index.php\/metabolic-balance\/","title":{"rendered":"METABOLIC BALANCE"},"content":{"rendered":"\n<figure class=\"wp-block-image size-large\"><img fetchpriority=\"high\" decoding=\"async\" width=\"1024\" height=\"684\" src=\"http:\/\/institutorestaurare.com.br\/wp-content\/uploads\/2022\/03\/pexels-shvets-production-6975481-1024x684.jpg\" alt=\"\" class=\"wp-image-458\" srcset=\"https:\/\/institutorestaurare.com.br\/wp-content\/uploads\/2022\/03\/pexels-shvets-production-6975481-1024x684.jpg 1024w, https:\/\/institutorestaurare.com.br\/wp-content\/uploads\/2022\/03\/pexels-shvets-production-6975481-300x200.jpg 300w, https:\/\/institutorestaurare.com.br\/wp-content\/uploads\/2022\/03\/pexels-shvets-production-6975481-768x513.jpg 768w, https:\/\/institutorestaurare.com.br\/wp-content\/uploads\/2022\/03\/pexels-shvets-production-6975481-1536x1025.jpg 1536w, https:\/\/institutorestaurare.com.br\/wp-content\/uploads\/2022\/03\/pexels-shvets-production-6975481-2048x1367.jpg 2048w, https:\/\/institutorestaurare.com.br\/wp-content\/uploads\/2022\/03\/pexels-shvets-production-6975481-1140x761.jpg 1140w\" sizes=\"(max-width: 1024px) 100vw, 1024px\" \/><\/figure>\n\n\n\n<p>Voc\u00ea que quer se conectar com o prop\u00f3sito de restaurar a sua sa\u00fade, o seu estilo de vida, o seu metabolismo para melhorar a sua sa\u00fade hormonal.<\/p>\n\n\n\n<p>Deseja alcan\u00e7ar o seu peso ideal e voc\u00ea j\u00e1 apresenta os crit\u00e9rios de doen\u00e7as cr\u00f4nicas, apresenta alguma dessas doen\u00e7as metab\u00f3licas com os seguintes sintomas:<\/p>\n\n\n\n<p>circunfer\u00eancia abdominal aumentada<\/p>\n\n\n\n<p>se a sua glicose est\u00e1 aumentada<\/p>\n\n\n\n<p>triglicer\u00eddeos est\u00e3o aumentados<\/p>\n\n\n\n<p>se voc\u00ea tem problemas com libido,<\/p>\n\n\n\n<p>problemas digestivos \/hipertens\u00e3o arterial\/<\/p>\n\n\n\n<p>diabetes tipo 2, esteatose hep\u00e1tica<\/p>\n\n\n\n<p>se voc\u00ea homem tamb\u00e9m est\u00e1 sofrendo com disfun\u00e7\u00e3o er\u00e9til<\/p>\n\n\n\n<p>ou com infertilidade por disfun\u00e7\u00e3o metab\u00f3lica<\/p>\n\n\n\n<p>e para mulheres com dificuldades para engravidar<\/p>\n\n\n\n<p>relacionadas a s\u00edndrome metab\u00f3lica<\/p>\n\n\n\n<p>como a s\u00edndrome dos ov\u00e1rios polic\u00edsticos<\/p>\n\n\n\n<p>&nbsp;tudo isso s\u00e3o doen\u00e7as metab\u00f3licas<\/p>\n\n\n\n<p>Voc\u00ea j\u00e1 percebeu que principalmente o que define a sua sa\u00fade s\u00e3o as suas escolhas, ent\u00e3o voc\u00ea est\u00e1 no lugar certo porque o Metabolic Balance \u00e9 um m\u00e9todo alem\u00e3o de restaura\u00e7\u00e3o metab\u00f3lica<\/p>\n\n\n\n<p>O m\u00e9todo \u00e9 indicado\u00a0para homens, mulheres ou crian\u00e7as a partir de 8 anos de idade, para voc\u00ea que quer emagrecer, voc\u00ea que tem s\u00edndrome metab\u00f3lica e deseja ajustar todo o seu metabolismo \u00e9 um plano alimentar com um m\u00e9todo espec\u00edfico para isso, n\u00e3o \u00e9 uma dieta para emagrecimento, \u00e9 um m\u00e9todo para restaurar, o metabolismo, que proporciona o emagrecimento saud\u00e1vel personalizado para voc\u00ea, \u00e9 preparado na Alemanha especialmente para voc\u00ea, atendendo as suas necessidades nutricionais e metab\u00f3licas.<\/p>\n\n\n\n<figure class=\"wp-block-image size-large\"><img decoding=\"async\" width=\"683\" height=\"1024\" src=\"http:\/\/institutorestaurare.com.br\/wp-content\/uploads\/2022\/03\/pexels-jonaorle-4029924-683x1024.jpg\" alt=\"\" class=\"wp-image-487\" srcset=\"https:\/\/institutorestaurare.com.br\/wp-content\/uploads\/2022\/03\/pexels-jonaorle-4029924-683x1024.jpg 683w, https:\/\/institutorestaurare.com.br\/wp-content\/uploads\/2022\/03\/pexels-jonaorle-4029924-200x300.jpg 200w, https:\/\/institutorestaurare.com.br\/wp-content\/uploads\/2022\/03\/pexels-jonaorle-4029924-768x1152.jpg 768w, https:\/\/institutorestaurare.com.br\/wp-content\/uploads\/2022\/03\/pexels-jonaorle-4029924-1024x1536.jpg 1024w, https:\/\/institutorestaurare.com.br\/wp-content\/uploads\/2022\/03\/pexels-jonaorle-4029924-1365x2048.jpg 1365w, https:\/\/institutorestaurare.com.br\/wp-content\/uploads\/2022\/03\/pexels-jonaorle-4029924-1140x1710.jpg 1140w, https:\/\/institutorestaurare.com.br\/wp-content\/uploads\/2022\/03\/pexels-jonaorle-4029924-scaled.jpg 1707w\" sizes=\"(max-width: 683px) 100vw, 683px\" \/><\/figure>\n\n\n\n<figure class=\"wp-block-image size-large\"><img decoding=\"async\" width=\"683\" height=\"1024\" src=\"http:\/\/institutorestaurare.com.br\/wp-content\/uploads\/2022\/03\/pexels-hong-son-4035688-683x1024.jpg\" alt=\"\" class=\"wp-image-488\" srcset=\"https:\/\/institutorestaurare.com.br\/wp-content\/uploads\/2022\/03\/pexels-hong-son-4035688-683x1024.jpg 683w, https:\/\/institutorestaurare.com.br\/wp-content\/uploads\/2022\/03\/pexels-hong-son-4035688-200x300.jpg 200w, https:\/\/institutorestaurare.com.br\/wp-content\/uploads\/2022\/03\/pexels-hong-son-4035688-768x1152.jpg 768w, https:\/\/institutorestaurare.com.br\/wp-content\/uploads\/2022\/03\/pexels-hong-son-4035688-1024x1536.jpg 1024w, https:\/\/institutorestaurare.com.br\/wp-content\/uploads\/2022\/03\/pexels-hong-son-4035688-1365x2048.jpg 1365w, https:\/\/institutorestaurare.com.br\/wp-content\/uploads\/2022\/03\/pexels-hong-son-4035688-1140x1710.jpg 1140w, https:\/\/institutorestaurare.com.br\/wp-content\/uploads\/2022\/03\/pexels-hong-son-4035688-scaled.jpg 1707w\" sizes=\"(max-width: 683px) 100vw, 683px\" \/><\/figure>\n","protected":false},"excerpt":{"rendered":"<p>Voc\u00ea que quer se conectar com o prop\u00f3sito de restaurar a sua sa\u00fade, o seu estilo de vida, o seu metabolismo para melhorar a sua sa\u00fade hormonal. Deseja alcan\u00e7ar o seu peso ideal e voc\u00ea j\u00e1 apresenta os crit\u00e9rios de doen\u00e7as cr\u00f4nicas, apresenta alguma dessas doen\u00e7as metab\u00f3licas com os seguintes sintomas: circunfer\u00eancia abdominal aumentada se a sua glicose est\u00e1 aumentada triglicer\u00eddeos est\u00e3o aumentados se voc\u00ea tem problemas com libido, problemas digestivos \/hipertens\u00e3o arterial\/ diabetes tipo 2, esteatose hep\u00e1tica se voc\u00ea homem tamb\u00e9m est\u00e1 sofrendo com disfun\u00e7\u00e3o er\u00e9til ou com infertilidade por disfun\u00e7\u00e3o metab\u00f3lica e para mulheres com dificuldades para engravidar relacionadas a s\u00edndrome metab\u00f3lica como a s\u00edndrome dos ov\u00e1rios polic\u00edsticos &nbsp;tudo isso s\u00e3o doen\u00e7as metab\u00f3licas Voc\u00ea j\u00e1 percebeu que principalmente o que define a sua sa\u00fade s\u00e3o as suas escolhas, ent\u00e3o voc\u00ea est\u00e1 no lugar certo porque o Metabolic Balance \u00e9 um m\u00e9todo alem\u00e3o de restaura\u00e7\u00e3o metab\u00f3lica O m\u00e9todo \u00e9 indicado\u00a0para homens, mulheres ou crian\u00e7as a partir de 8 anos de idade, para voc\u00ea que quer emagrecer, voc\u00ea que tem s\u00edndrome metab\u00f3lica e deseja ajustar todo o seu metabolismo \u00e9 um plano alimentar com um m\u00e9todo espec\u00edfico para isso, n\u00e3o \u00e9 uma dieta para emagrecimento, \u00e9 um m\u00e9todo para restaurar, o metabolismo, que proporciona o emagrecimento saud\u00e1vel personalizado para voc\u00ea, \u00e9 preparado na Alemanha especialmente para voc\u00ea, atendendo as suas necessidades nutricionais e metab\u00f3licas.<\/p>\n","protected":false},"author":1,"featured_media":0,"parent":0,"menu_order":0,"comment_status":"closed","ping_status":"closed","template":"","meta":{"om_disable_all_campaigns":false,"_monsterinsights_skip_tracking":false,"_monsterinsights_sitenote_active":false,"_monsterinsights_sitenote_note":"","_monsterinsights_sitenote_category":0,"footnotes":""},"class_list":["post-486","page","type-page","status-publish","hentry"],"yoast_head":"<!-- This site is optimized with the Yoast SEO plugin v27.2 - https:\/\/yoast.com\/product\/yoast-seo-wordpress\/ -->\n<title>METABOLIC BALANCE - Instituto Restaurare<\/title>\n<meta name=\"robots\" content=\"index, follow, max-snippet:-1, max-image-preview:large, max-video-preview:-1\" \/>\n<link rel=\"canonical\" href=\"https:\/\/institutorestaurare.com.br\/index.php\/metabolic-balance\/\" \/>\n<meta property=\"og:locale\" content=\"pt_BR\" \/>\n<meta property=\"og:type\" content=\"article\" \/>\n<meta property=\"og:title\" content=\"METABOLIC BALANCE - Instituto Restaurare\" \/>\n<meta property=\"og:description\" content=\"Voc\u00ea que quer se conectar com o prop\u00f3sito de restaurar a sua sa\u00fade, o seu estilo de vida, o seu metabolismo para melhorar a sua sa\u00fade hormonal. Deseja alcan\u00e7ar o seu peso ideal e voc\u00ea j\u00e1 apresenta os crit\u00e9rios de doen\u00e7as cr\u00f4nicas, apresenta alguma dessas doen\u00e7as metab\u00f3licas com os seguintes sintomas: circunfer\u00eancia abdominal aumentada se a sua glicose est\u00e1 aumentada triglicer\u00eddeos est\u00e3o aumentados se voc\u00ea tem problemas com libido, problemas digestivos \/hipertens\u00e3o arterial\/ diabetes tipo 2, esteatose hep\u00e1tica se voc\u00ea homem tamb\u00e9m est\u00e1 sofrendo com disfun\u00e7\u00e3o er\u00e9til ou com infertilidade por disfun\u00e7\u00e3o metab\u00f3lica e para mulheres com dificuldades para engravidar relacionadas a s\u00edndrome metab\u00f3lica como a s\u00edndrome dos ov\u00e1rios polic\u00edsticos &nbsp;tudo isso s\u00e3o doen\u00e7as metab\u00f3licas Voc\u00ea j\u00e1 percebeu que principalmente o que define a sua sa\u00fade s\u00e3o as suas escolhas, ent\u00e3o voc\u00ea est\u00e1 no lugar certo porque o Metabolic Balance \u00e9 um m\u00e9todo alem\u00e3o de restaura\u00e7\u00e3o metab\u00f3lica O m\u00e9todo \u00e9 indicado\u00a0para homens, mulheres ou crian\u00e7as a partir de 8 anos de idade, para voc\u00ea que quer emagrecer, voc\u00ea que tem s\u00edndrome metab\u00f3lica e deseja ajustar todo o seu metabolismo \u00e9 um plano alimentar com um m\u00e9todo espec\u00edfico para isso, n\u00e3o \u00e9 uma dieta para emagrecimento, \u00e9 um m\u00e9todo para restaurar, o metabolismo, que proporciona o emagrecimento saud\u00e1vel personalizado para voc\u00ea, \u00e9 preparado na Alemanha especialmente para voc\u00ea, atendendo as suas necessidades nutricionais e metab\u00f3licas.\" \/>\n<meta property=\"og:url\" content=\"https:\/\/institutorestaurare.com.br\/index.php\/metabolic-balance\/\" \/>\n<meta property=\"og:site_name\" content=\"Instituto Restaurare\" \/>\n<meta property=\"article:publisher\" content=\"https:\/\/facebook.com\/institutorestaurare.com.br\" \/>\n<meta property=\"article:modified_time\" content=\"2022-03-10T19:23:19+00:00\" \/>\n<meta property=\"og:image\" content=\"https:\/\/institutorestaurare.com.br\/wp-content\/uploads\/2022\/03\/pexels-shvets-production-6975481-scaled.jpg\" \/>\n\t<meta property=\"og:image:width\" content=\"2560\" \/>\n\t<meta property=\"og:image:height\" content=\"1709\" \/>\n\t<meta property=\"og:image:type\" content=\"image\/jpeg\" \/>\n<meta name=\"twitter:card\" content=\"summary_large_image\" \/>\n<meta name=\"twitter:label1\" content=\"Est. tempo de leitura\" \/>\n\t<meta name=\"twitter:data1\" content=\"1 minuto\" \/>\n<script type=\"application\/ld+json\" class=\"yoast-schema-graph\">{\"@context\":\"https:\/\/schema.org\",\"@graph\":[{\"@type\":\"WebPage\",\"@id\":\"https:\/\/institutorestaurare.com.br\/index.php\/metabolic-balance\/\",\"url\":\"https:\/\/institutorestaurare.com.br\/index.php\/metabolic-balance\/\",\"name\":\"METABOLIC BALANCE - Instituto Restaurare\",\"isPartOf\":{\"@id\":\"https:\/\/institutorestaurare.com.br\/#website\"},\"primaryImageOfPage\":{\"@id\":\"https:\/\/institutorestaurare.com.br\/index.php\/metabolic-balance\/#primaryimage\"},\"image\":{\"@id\":\"https:\/\/institutorestaurare.com.br\/index.php\/metabolic-balance\/#primaryimage\"},\"thumbnailUrl\":\"http:\/\/institutorestaurare.com.br\/wp-content\/uploads\/2022\/03\/pexels-shvets-production-6975481-1024x684.jpg\",\"datePublished\":\"2022-03-10T19:23:18+00:00\",\"dateModified\":\"2022-03-10T19:23:19+00:00\",\"breadcrumb\":{\"@id\":\"https:\/\/institutorestaurare.com.br\/index.php\/metabolic-balance\/#breadcrumb\"},\"inLanguage\":\"pt-BR\",\"potentialAction\":[{\"@type\":\"ReadAction\",\"target\":[\"https:\/\/institutorestaurare.com.br\/index.php\/metabolic-balance\/\"]}]},{\"@type\":\"ImageObject\",\"inLanguage\":\"pt-BR\",\"@id\":\"https:\/\/institutorestaurare.com.br\/index.php\/metabolic-balance\/#primaryimage\",\"url\":\"https:\/\/institutorestaurare.com.br\/wp-content\/uploads\/2022\/03\/pexels-shvets-production-6975481-scaled.jpg\",\"contentUrl\":\"https:\/\/institutorestaurare.com.br\/wp-content\/uploads\/2022\/03\/pexels-shvets-production-6975481-scaled.jpg\",\"width\":2560,\"height\":1709},{\"@type\":\"BreadcrumbList\",\"@id\":\"https:\/\/institutorestaurare.com.br\/index.php\/metabolic-balance\/#breadcrumb\",\"itemListElement\":[{\"@type\":\"ListItem\",\"position\":1,\"name\":\"In\u00edcio\",\"item\":\"https:\/\/institutorestaurare.com.br\/\"},{\"@type\":\"ListItem\",\"position\":2,\"name\":\"METABOLIC BALANCE\"}]},{\"@type\":\"WebSite\",\"@id\":\"https:\/\/institutorestaurare.com.br\/#website\",\"url\":\"https:\/\/institutorestaurare.com.br\/\",\"name\":\"Instituto Restaurare\",\"description\":\"Sa\u00fade e Bem Estar com a Medicina Tradicional Chinesa\",\"publisher\":{\"@id\":\"https:\/\/institutorestaurare.com.br\/#organization\"},\"potentialAction\":[{\"@type\":\"SearchAction\",\"target\":{\"@type\":\"EntryPoint\",\"urlTemplate\":\"https:\/\/institutorestaurare.com.br\/?s={search_term_string}\"},\"query-input\":{\"@type\":\"PropertyValueSpecification\",\"valueRequired\":true,\"valueName\":\"search_term_string\"}}],\"inLanguage\":\"pt-BR\"},{\"@type\":\"Organization\",\"@id\":\"https:\/\/institutorestaurare.com.br\/#organization\",\"name\":\"Instituto Restaurare\",\"url\":\"https:\/\/institutorestaurare.com.br\/\",\"logo\":{\"@type\":\"ImageObject\",\"inLanguage\":\"pt-BR\",\"@id\":\"https:\/\/institutorestaurare.com.br\/#\/schema\/logo\/image\/\",\"url\":\"https:\/\/institutorestaurare.com.br\/wp-content\/uploads\/2022\/10\/IRT-LOGO-2022-grande.png\",\"contentUrl\":\"https:\/\/institutorestaurare.com.br\/wp-content\/uploads\/2022\/10\/IRT-LOGO-2022-grande.png\",\"width\":1828,\"height\":654,\"caption\":\"Instituto Restaurare\"},\"image\":{\"@id\":\"https:\/\/institutorestaurare.com.br\/#\/schema\/logo\/image\/\"},\"sameAs\":[\"https:\/\/facebook.com\/institutorestaurare.com.br\",\"https:\/\/instagram.com\/institutorestaurare\"]}]}<\/script>\n<!-- \/ Yoast SEO plugin. -->","yoast_head_json":{"title":"METABOLIC BALANCE - Instituto Restaurare","robots":{"index":"index","follow":"follow","max-snippet":"max-snippet:-1","max-image-preview":"max-image-preview:large","max-video-preview":"max-video-preview:-1"},"canonical":"https:\/\/institutorestaurare.com.br\/index.php\/metabolic-balance\/","og_locale":"pt_BR","og_type":"article","og_title":"METABOLIC BALANCE - Instituto Restaurare","og_description":"Voc\u00ea que quer se conectar com o prop\u00f3sito de restaurar a sua sa\u00fade, o seu estilo de vida, o seu metabolismo para melhorar a sua sa\u00fade hormonal. Deseja alcan\u00e7ar o seu peso ideal e voc\u00ea j\u00e1 apresenta os crit\u00e9rios de doen\u00e7as cr\u00f4nicas, apresenta alguma dessas doen\u00e7as metab\u00f3licas com os seguintes sintomas: circunfer\u00eancia abdominal aumentada se a sua glicose est\u00e1 aumentada triglicer\u00eddeos est\u00e3o aumentados se voc\u00ea tem problemas com libido, problemas digestivos \/hipertens\u00e3o arterial\/ diabetes tipo 2, esteatose hep\u00e1tica se voc\u00ea homem tamb\u00e9m est\u00e1 sofrendo com disfun\u00e7\u00e3o er\u00e9til ou com infertilidade por disfun\u00e7\u00e3o metab\u00f3lica e para mulheres com dificuldades para engravidar relacionadas a s\u00edndrome metab\u00f3lica como a s\u00edndrome dos ov\u00e1rios polic\u00edsticos &nbsp;tudo isso s\u00e3o doen\u00e7as metab\u00f3licas Voc\u00ea j\u00e1 percebeu que principalmente o que define a sua sa\u00fade s\u00e3o as suas escolhas, ent\u00e3o voc\u00ea est\u00e1 no lugar certo porque o Metabolic Balance \u00e9 um m\u00e9todo alem\u00e3o de restaura\u00e7\u00e3o metab\u00f3lica O m\u00e9todo \u00e9 indicado\u00a0para homens, mulheres ou crian\u00e7as a partir de 8 anos de idade, para voc\u00ea que quer emagrecer, voc\u00ea que tem s\u00edndrome metab\u00f3lica e deseja ajustar todo o seu metabolismo \u00e9 um plano alimentar com um m\u00e9todo espec\u00edfico para isso, n\u00e3o \u00e9 uma dieta para emagrecimento, \u00e9 um m\u00e9todo para restaurar, o metabolismo, que proporciona o emagrecimento saud\u00e1vel personalizado para voc\u00ea, \u00e9 preparado na Alemanha especialmente para voc\u00ea, atendendo as suas necessidades nutricionais e metab\u00f3licas.","og_url":"https:\/\/institutorestaurare.com.br\/index.php\/metabolic-balance\/","og_site_name":"Instituto Restaurare","article_publisher":"https:\/\/facebook.com\/institutorestaurare.com.br","article_modified_time":"2022-03-10T19:23:19+00:00","og_image":[{"width":2560,"height":1709,"url":"https:\/\/institutorestaurare.com.br\/wp-content\/uploads\/2022\/03\/pexels-shvets-production-6975481-scaled.jpg","type":"image\/jpeg"}],"twitter_card":"summary_large_image","twitter_misc":{"Est. tempo de leitura":"1 minuto"},"schema":{"@context":"https:\/\/schema.org","@graph":[{"@type":"WebPage","@id":"https:\/\/institutorestaurare.com.br\/index.php\/metabolic-balance\/","url":"https:\/\/institutorestaurare.com.br\/index.php\/metabolic-balance\/","name":"METABOLIC BALANCE - Instituto Restaurare","isPartOf":{"@id":"https:\/\/institutorestaurare.com.br\/#website"},"primaryImageOfPage":{"@id":"https:\/\/institutorestaurare.com.br\/index.php\/metabolic-balance\/#primaryimage"},"image":{"@id":"https:\/\/institutorestaurare.com.br\/index.php\/metabolic-balance\/#primaryimage"},"thumbnailUrl":"http:\/\/institutorestaurare.com.br\/wp-content\/uploads\/2022\/03\/pexels-shvets-production-6975481-1024x684.jpg","datePublished":"2022-03-10T19:23:18+00:00","dateModified":"2022-03-10T19:23:19+00:00","breadcrumb":{"@id":"https:\/\/institutorestaurare.com.br\/index.php\/metabolic-balance\/#breadcrumb"},"inLanguage":"pt-BR","potentialAction":[{"@type":"ReadAction","target":["https:\/\/institutorestaurare.com.br\/index.php\/metabolic-balance\/"]}]},{"@type":"ImageObject","inLanguage":"pt-BR","@id":"https:\/\/institutorestaurare.com.br\/index.php\/metabolic-balance\/#primaryimage","url":"https:\/\/institutorestaurare.com.br\/wp-content\/uploads\/2022\/03\/pexels-shvets-production-6975481-scaled.jpg","contentUrl":"https:\/\/institutorestaurare.com.br\/wp-content\/uploads\/2022\/03\/pexels-shvets-production-6975481-scaled.jpg","width":2560,"height":1709},{"@type":"BreadcrumbList","@id":"https:\/\/institutorestaurare.com.br\/index.php\/metabolic-balance\/#breadcrumb","itemListElement":[{"@type":"ListItem","position":1,"name":"In\u00edcio","item":"https:\/\/institutorestaurare.com.br\/"},{"@type":"ListItem","position":2,"name":"METABOLIC BALANCE"}]},{"@type":"WebSite","@id":"https:\/\/institutorestaurare.com.br\/#website","url":"https:\/\/institutorestaurare.com.br\/","name":"Instituto Restaurare","description":"Sa\u00fade e Bem Estar com a Medicina Tradicional Chinesa","publisher":{"@id":"https:\/\/institutorestaurare.com.br\/#organization"},"potentialAction":[{"@type":"SearchAction","target":{"@type":"EntryPoint","urlTemplate":"https:\/\/institutorestaurare.com.br\/?s={search_term_string}"},"query-input":{"@type":"PropertyValueSpecification","valueRequired":true,"valueName":"search_term_string"}}],"inLanguage":"pt-BR"},{"@type":"Organization","@id":"https:\/\/institutorestaurare.com.br\/#organization","name":"Instituto Restaurare","url":"https:\/\/institutorestaurare.com.br\/","logo":{"@type":"ImageObject","inLanguage":"pt-BR","@id":"https:\/\/institutorestaurare.com.br\/#\/schema\/logo\/image\/","url":"https:\/\/institutorestaurare.com.br\/wp-content\/uploads\/2022\/10\/IRT-LOGO-2022-grande.png","contentUrl":"https:\/\/institutorestaurare.com.br\/wp-content\/uploads\/2022\/10\/IRT-LOGO-2022-grande.png","width":1828,"height":654,"caption":"Instituto Restaurare"},"image":{"@id":"https:\/\/institutorestaurare.com.br\/#\/schema\/logo\/image\/"},"sameAs":["https:\/\/facebook.com\/institutorestaurare.com.br","https:\/\/instagram.com\/institutorestaurare"]}]}},"_links":{"self":[{"href":"https:\/\/institutorestaurare.com.br\/index.php\/wp-json\/wp\/v2\/pages\/486","targetHints":{"allow":["GET"]}}],"collection":[{"href":"https:\/\/institutorestaurare.com.br\/index.php\/wp-json\/wp\/v2\/pages"}],"about":[{"href":"https:\/\/institutorestaurare.com.br\/index.php\/wp-json\/wp\/v2\/types\/page"}],"author":[{"embeddable":true,"href":"https:\/\/institutorestaurare.com.br\/index.php\/wp-json\/wp\/v2\/users\/1"}],"replies":[{"embeddable":true,"href":"https:\/\/institutorestaurare.com.br\/index.php\/wp-json\/wp\/v2\/comments?post=486"}],"version-history":[{"count":1,"href":"https:\/\/institutorestaurare.com.br\/index.php\/wp-json\/wp\/v2\/pages\/486\/revisions"}],"predecessor-version":[{"id":489,"href":"https:\/\/institutorestaurare.com.br\/index.php\/wp-json\/wp\/v2\/pages\/486\/revisions\/489"}],"wp:attachment":[{"href":"https:\/\/institutorestaurare.com.br\/index.php\/wp-json\/wp\/v2\/media?parent=486"}],"curies":[{"name":"wp","href":"https:\/\/api.w.org\/{rel}","templated":true}]}}